(182/39)/(2/39)?
1
Suppose h - 3*h + 8 = 0. Suppose -h - 2 = -y. What is the units digit of y?
6
Suppose 69 = p + 2*p. Let t = -14 + p. What is the units digit of t?
9
Let a be 94/6 + (-10)/15. Suppose r - 4 + a = 0. Let z = -5 - r. What is the units digit of z?
6
Suppose -6*z + z - 11 = -2*y, 0 = y - 5*z - 8. Let i(j) = -j**3 + 4*j**2 - j - 3. What is the units digit of i(y)?
3
What is the tens digit of (4 + 60/(-9))*-6?
1
Let t = 65 + 18. What is the units digit of t?
3
What is the tens digit of 6/27 + 1155/27?
4
Suppose -9*h + 6*h = -45. What is the units digit of h?
5
Let l(d) = -d**2 + 15*d + 9. Let i be l(9). Suppose -s + 6*m = 2*m - 36, m = -2*s + i. What is the units digit of s?
2
Let z be 1/(0 + -1)*25. What is the units digit of (-60)/z + (-2)/5?
2
What is the tens digit of 812/6 - (-80)/(-60)?
3
Suppose 0 = -4*p - 5*y - 22, 9 = -5*p - 3*y - 12. What is the units digit of -2 + p/(-6)*22?
9
Let k(z) = z**2 + z - 8. Suppose -l + 0*i = 4*i + 5, -i - 10 = 2*l. What is the units digit of k(l)?
2
Suppose 5*y + 0*y = -3*r + 200, r - y - 64 = 0. What is the units digit of r?
5
Suppose 3*t = 7*t + 52. Let r(q) = -q + 2. What is the units digit of r(t)?
5
Let z(q) = 2*q - 6. Let n be z(5). Suppose n = 2*d - d. What is the units digit of d?
4
Let h = 64 + -34. Let w = h - -15. What is the tens digit of w?
4
Let s(v) = -v**3 + 13*v**2 + 19*v - 6. What is the hundreds digit of s(12)?
3
Let w(n) = 2*n**2 + 4*n + 2. Let z = 8 + -10. Let x be w(z). What is the units digit of (-1 - (2 - x)) + 2?
1
Let c(b) = -b**3 - 2*b**2 - b + 4. Let r be c(-3). Suppose -r - 8 = -2*q + 3*x, 5*q + 2*x = 98. What is the tens digit of q?
1
Suppose -103 - 177 = -4*p. What is the units digit of p?
0
Let o(d) be the first derivative of d**3/3 + d + 3. What is the units digit of o(-2)?
5
Let z = -8 - -12. Suppose -z*m - 3*h + 51 = 0, 0 = m + 2*h - 6*h + 11. What is the units digit of m?
9
Let z = 3 - 0. Suppose z*o = -4*x + 39, -5*x + 46 = -4*o + 5*o. What is the units digit of x?
9
Let m(w) = w + 3. Let s be m(0). Let f = 0 - -3. Suppose 21 = s*x + f. What is the units digit of x?
6
Suppose 0 = 2*l - 3*h - 210, -4*l - 2*h + 3*h + 430 = 0. What is the hundreds digit of l?
1
Suppose 154 + 99 = 2*z - 3*v, 2*z - 257 = -v. Suppose -7*g + z = -3*g. What is the units digit of g?
2
Suppose 9 = 5*d - 2*d. Suppose 2*z - 10 = -2*m, d*m - 4*z = -0*z - 6. Suppose 4*a - m*h = 2*a + 20, 4*h - 12 = 0. What is the tens digit of a?
1
What is the units digit of (-7 - -6)*(-243)/3?
1
Let t(b) = b + 4. Let f be t(5). What is the tens digit of f/6*66/9?
1
Suppose 0 = 4*k + 4*n + 240, 5*k + 48 = 4*k - 4*n. Let x = -41 - k. What is the units digit of x?
3
Suppose 37 - 212 = -g. What is the units digit of g?
5
Suppose 2*d = 2 + 2. What is the tens digit of (-6)/d*(-2 - 3)?
1
Suppose 6 = 3*x - 2*x. Let s(k) = -k + 1. Let n(q) = -4*q + 8. Let b(a) = -n(a) + 3*s(a). What is the units digit of b(x)?
1
Suppose 5*w = f - 44, -2*w - 5*f = -f + 22. What is the tens digit of 3/(w/(-42))*1?
1
Let z = 13 - 7. What is the units digit of (64/z)/4*6?
6
Suppose -u + 0*v + 4*v = 11, 3*v - 12 = -3*u. What is the tens digit of (u - 19)/(-1) + -1?
1
Let t = 166 + -95. What is the units digit of t?
1
Suppose 0 = x + 2*f - 76, 4*x + 83 = -5*f + 378. What is the tens digit of x?
7
Let t = 7 - 14. Let g(b) = -2*b - 10. Let a be g(t). Suppose -l - 5*h = 3, -6 = a*h + 6. What is the tens digit of l?
1
Let d(g) = g**2 - 7*g + 7. Let u = -7 + 13. Let m be d(u). Let w = m - -7. What is the units digit of w?
8
Let w(i) = -i**2 - 8*i - 3. Let c be (19 - -1)*6/8. Let d be 28/(-5) + (-6)/c. What is the units digit of w(d)?
9
Suppose 4*g = -0*k + 4*k + 32, -2*g = 2*k. What is the units digit of g?
4
Suppose 455 = 28*y - 21*y. What is the tens digit of y?
6
Let o = 35 - 11. Let r = -10 + o. What is the units digit of r?
4
Suppose 2*s - 38 = -4*y, -s - 35 = -4*y - 2*s. Suppose 3*z + 4*w + 19 = 0, -2*z + 0*z + 2*w = 8. Let g = z + y. What is the units digit of g?
3
Suppose 2 = -r + 5. Let c be r/(-2)*8/(-3). Suppose 0 = -3*t - c*j + 27, 4*t - 5*j - 5 = -0*t. What is the units digit of t?
5
Suppose -65*z - 715 = -70*z. What is the tens digit of z?
4
Suppose 515 = 4*f + s, -4*s - 500 = -4*f - 0*f. What is the units digit of f?
8
Suppose q = 2*z - 195, 4*q - 286 = -3*z - q. What is the units digit of z?
7
Suppose 4*l = 5*g - 8, 0 = -4*g - l + 6*l + 1. What is the units digit of g?
4
Let f be ((-3)/2)/(3/(-4)). Suppose 0*i - 4*i = 4. Let o = i + f. What is the units digit of o?
1
Suppose 5*o = d + 5, -7*d + 2*d - 2*o = -29. Suppose -d = -5*y - 3*t, 9*t = y + 4*t - 1. What is the units digit of -1 + 5 + -1 + y?
4
Suppose 166 = n + s, 2*n = 4*s - 0*s + 308. What is the hundreds digit of n?
1
Suppose 7*d - 4*d = 15. Suppose 3*i - 34 = -b + i, -d*i = 4*b - 148. What is the units digit of b?
2
Let k(m) = -m**3 - m**2 - 5. Let h be k(0). Let v = -3 - h. Suppose 2*j - 34 = -n - 5, 2*n + 26 = v*j. What is the tens digit of j?
1
Let s(h) = h**3 - 13*h**2 - 13*h + 4. Let o be s(14). Suppose 3 + o = 3*v. What is the units digit of v?
7
Let r be (-1 - -6)*(-2 - -1). What is the tens digit of 13 + 1 + r + 2?
1
Let p = 0 + 3. Let b be 1 - 3*4/p. What is the units digit of 1*-10*b/6?
5
Suppose -t - 1 = g, -t = g + 4*g + 13. Suppose -2*s + x + 82 = 0, -61 - t = -s - 5*x. What is the tens digit of s?
4
Let r(d) = 2*d**2 + 2*d + 1. What is the tens digit of r(-3)?
1
Suppose -32 = -7*m + 3*m. What is the units digit of m/12 + 110/6?
9
Let p = 5 + 3. Let m = 80 - 81. What is the units digit of p + (m + 1)/3?
8
Let h be (12/(-5) + 3)*5. Suppose 3*k - 57 = -3*n, k - 26 = h*n + 1. What is the units digit of (14/k)/((-4)/(-66))?
1
Suppose i = 4*i + 5*d - 63, -5*i + 3*d + 105 = 0. Suppose -l = 5*q - 0*l - 9, -4*l + i = 5*q. What is the units digit of q?
1
Let n(m) = 2*m + 9. Let s be n(-8). Let f = 10 + s. What is the units digit of f?
3
Suppose -54 + 10 = -4*r. Let q = 0 + r. Let o = 15 - q. What is the units digit of o?
4
Suppose 4*g - 7 = 9. Suppose g = -z + 9. Suppose 2 = x - z. What is the units digit of x?
7
Let m(b) = b**3 - 12*b**2 + 12*b - 8. Let r be m(11). Suppose -h + 112 = r*h. What is the tens digit of h?
2
Let i(f) = f. Let c(t) = t**2 - 15*t + 5. Let j(z) = -c(z) - i(z). What is the units digit of j(9)?
0
Suppose 2*y - 29 = g, 2*g = g - 5. What is the units digit of y/(-10)*30/(-4)?
9
Let q be (0 + 0)/1 - -6. Let b = 6 - 3. Suppose -b = -x + q. What is the units digit of x?
9
Let x(y) = 3*y**2 - 2. Suppose -3 = -u - 0*u. Suppose -u*s + 4*h + 2 + 0 = 0, 4 = -3*s + h. What is the units digit of x(s)?
0
Let h = 0 + 2. Suppose 25 = 3*q + h*q. What is the units digit of (-7)/(-1) - (q - 7)?
9
Let a be (-15)/(-45) - (-16)/6. Suppose 0 = a*v - 113 + 5. What is the tens digit of v?
3
Let j(a) = 0*a - a**3 - 2*a + 1 - 6*a**2 + 3*a**2 + a**2. What is the units digit of j(-2)?
5
Suppose 255 = -0*m + 5*m. What is the tens digit of m?
5
Let x(g) = 5*g**3 - 7*g**2 - g + 14. Let u(c) = 11*c**3 - 15*c**2 - 2*c + 27. Let d(r) = -6*u(r) + 13*x(r). What is the tens digit of d(0)?
2
Suppose 3*g + 896 = 3*z - 295, 4*z - 5*g - 1585 = 0. What is the units digit of z?
0
Suppose 2*t = -2*t. What is the units digit of 10 - (-2 - t/(-3))?
2
Suppose 0 = r + 4*w - 69, r + w = -0*w + 60. What is the units digit of r?
7
Let y = -10 + -47. Let b be (-1)/((6/y)/2). Suppose 0 = 5*q + 2*t - 30, -4*q + 3*t + b = -5. What is the units digit of q?
6
Suppose 0 = 2*p + 2, 3*t + 5*p - 133 = 2*t. What is the tens digit of t?
3
Suppose 4*g + 3 + 1 = 0. What is the units digit of g*((-7 - -2) + 1)?
4
Suppose -2*a + 5*p = -21, -5*a - p + 20 = 8. Let f be (11/a)/((-3)/(-9)). Suppose 0 = 4*j + 3 - f. What is the units digit of j?
2
Suppose -2*o = 2*x + 12, -o = -5*x - 4 - 8. Let j(g) be the first derivative of -2*g**2 + 2*g - 1. What is the units digit of j(x)?
4
Let u(h) = 3*h**2 - 7*h - 3. What is the tens digit of u(-3)?
4
Suppose 2 = -2*q - 0*q. Let n be 2/(-1 - 0)*q. Suppose 3*h + n*h - 2*x - 10 = 0, 5*x = -5*h + 10. What is the units digit of h?
2
Let d(u) = -u**2 + 8*u + 9. Let w be d(7). Let o be (12/w)/(2/(-48)). What is the units digit of (-4)/o - 129/(-27)?
5
Suppose 0*b - 4*b + 1 = -n, -2*n = -5*b - 1. What is the units digit of n?
3
Suppose 5*n - 745 = -255. What is the t